.
2, 5, 151, 163
What are the prime factors of 1034578?
2, 517289
List the prime factors of 257896.
2, 32237
List the prime factors of 869772.
2, 3, 72481
What are the prime factors of 475590?
2, 3, 5, 83, 191
List the prime factors of 5348214.
2, 3, 99041
List the prime factors of 16038861.
3, 5346287
List the prime factors of 595590.
2, 3, 5, 19853
List the prime factors of 61765.
5, 11, 1123
What are the prime factors of 945328?
2, 59083
List the prime factors of 735185.
5, 11, 13367
What are the prime factors of 2774134?
2, 11, 126097
List the prime factors of 319608.
2, 3, 23, 193
List the prime factors of 168508.
2, 103, 409
List the prime factors of 235544.
2, 29443
List the prime factors of 9026536.
2, 53, 61, 349
What are the prime factors of 14959351?
11, 123631
What are the prime factors of 1095054?
2, 3, 182509
List the prime factors of 519182.
2, 43, 6037
What are the prime factors of 710109?
3, 78901
What are the prime factors of 1818074?
2, 909037
What are the prime factors of 1814517?
3, 37, 5449
What are the prime factors of 134893?
11, 12263
List the prime factors of 169029.
3, 7, 2683
List the prime factors of 14250595.
5, 101, 28219
List the prime factors of 3349241.
7, 557, 859
List the prime factors of 177212.
2, 7, 6329
What are the prime factors of 4343365?
5, 13, 66821
What are the prime factors of 32044774?
2, 16022387
What are the prime factors of 820465?
5, 164093
What are the prime factors of 10315661?
23, 71, 6317
List the prime factors of 26781.
3, 79, 113
List the prime factors of 254613.
3, 84871
List the prime factors of 2906350.
2, 5, 37, 1571
What are the prime factors of 840498?
2, 3, 71, 1973
What are the prime factors of 741261?
3, 247087
What are the prime factors of 425832?
2, 3, 11, 1613
List the prime factors of 835292.
2, 367, 569
What are the prime factors of 2852885?
5, 7, 37, 2203
What are the prime factors of 192932?
2, 139, 347
What are the prime factors of 590404?
2, 67, 2203
List the prime factors of 73215.
3, 5, 1627
List the prime factors of 26831986.
2, 13415993
List the prime factors of 13388991.
3, 7, 11, 149, 389
List the prime factors of 34618.
2, 19, 911
What are the prime factors of 851433?
3, 11, 25801
List the prime factors of 634280.
2, 5, 101, 157
List the prime factors of 375691.
43, 8737
What are the prime factors of 6813888?
2, 3, 23, 1543
List the prime factors of 339076.
2, 103, 823
List the prime factors of 415018.
2, 207509
What are the prime factors of 96925?
5, 3877
What are the prime factors of 546927?
3, 182309
What are the prime factors of 260970?
2, 3, 5, 8699
What are the prime factors of 380493?
3, 67, 631
What are the prime factors of 287357?
7, 41051
What are the prime factors of 75394?
2, 11, 23, 149
What are the prime factors of 1739720?
2, 5, 23, 31, 61
List the prime factors of 591203.
131, 4513
What are the prime factors of 16586107?
19, 872953
What are the prime factors of 202736?
2, 12671
What are the prime factors of 1424419?
31, 45949
List the prime factors of 25516116.
2, 3, 17, 173, 241
List the prime factors of 6360635.
5, 17, 74831
What are the prime factors of 36811092?
2, 3, 29, 139, 761
What are the prime factors of 7011419?
191, 36709
List the prime factors of 838436.
2, 179, 1171
List the prime factors of 808020.
2, 3, 5, 67
What are the prime factors of 240289?
7, 34327
List the prime factors of 6473898.
2, 3, 101, 1187
List the prime factors of 173120.
2, 5, 541
What are the prime factors of 7410085?
5, 31, 47807
List the prime factors of 18647361.
3, 53, 83, 157
List the prime factors of 295064.
2, 7, 11, 479
List the prime factors of 4108712.
2, 19, 27031
What are the prime factors of 766306?
2, 383153
List the prime factors of 16570932.
2, 3, 7, 197273
List the prime factors of 77114.
2, 38557
List the prime factors of 2561802.
2, 3, 29, 14723
What are the prime factors of 13253504?
2, 11, 9413
List the prime factors of 7073509.
83, 85223
What are the prime factors of 10699757?
10699757
List the prime factors of 16180207.
1213, 13339
List the prime factors of 12084470.
2, 5, 1208447
What are the prime factors of 3075806?
2, 167, 9209
List the prime factors of 281323.
7, 40189
List the prime factors of 6491790.
2, 3, 5, 17, 4243
What are the prime factors of 9682002?
2, 3, 11, 107, 457
What are the prime factors of 2261552?
2, 107, 1321
List the prime factors of 116858.
2, 7, 17, 491
List the prime factors of 6230345.
5, 11, 113279
List the prime factors of 394473.
3, 23, 5717
What are the prime factors of 127589?
7, 11, 1657
What are the prime factors of 11735946?
2, 3, 651997
What are the prime factors of 626193?
3, 41, 1697
What are the prime factors of 2833016?
2, 17, 37, 563
What are the prime factors of 91997?
91997
What are the prime factors of 1266016?
2, 39563
What are the prime factors of 1011728?
2, 37, 1709
List the prime factors of 723808.
2, 22619
What are the prime factors of 1314528?
2, 3, 13693
List the prime factors of 263773.
37, 7129
What are the prime factors of 2497383?
3, 7, 809
What are the prime factors of 168356?
2, 42089
List the prime factors of 1355085.
3, 5, 30113
List the prime factors of 669848.
2, 31, 37, 73
What are the prime factors of 9573453?
3, 359, 2963
What are the prime factors of 352538?
2, 359, 491
What are the prime factors of 140314?
2, 70157
List the prime factors of 13006135.
5, 71, 36637
List the prime factors of 2132982.
2, 3, 71, 1669
List the prime factors of 215941.
11, 67, 293
What are the prime factors of 926781?
3, 308927
What are the prime factors of 8417485?
5, 1683497
List the prime factors of 247619.
193, 1283
What are the prime factors of 31896859?
293, 108863
What are the prime factors of 8820608?
2, 137, 503
What are the prime factors of 824684?
2, 7, 29453
List the prime factors of 192956.
2, 48239
What are the prime factors of 1685171?
1685171
List the prime factors of 12992297.
2621, 4957
List the prime factors of 279119.
279119
List the prime factors of 6224277.
3, 239, 8681
List the prime factors of 1668710.
2, 5, 166871
What are the prime factors of 259682?
2, 129841
What are the prime factors of 108218?
2, 11, 4919
What are the prime factors of 3528836?
2, 29, 1049
What are the prime factors of 6987?
3, 17, 137
What are the prime factors of 906123?
3, 367, 823
What are the prime factors of 300970?
2, 5, 30097
What are the prime factors of 290793?
3, 96931
List the prime factors of 1276883.
89, 14347
List the prime factors of 1557367.
7, 37, 859
What are the prime factors of 927930?
2, 3, 5, 30931
What are the prime factors of 1367784?
2, 3, 11, 157
What are the prime factors of 348239?
348239
List the prime factors of 105102.
2, 3, 5839
What are the prime factors of 2052478?
2, 17, 53, 67
What are the prime factors of 749060?
2, 5, 13, 43, 67
What are the prime factors of 963738?
2, 3, 661
What are the prime factors of 674648?
2, 13, 499
List the prime factors of 3022043.
3022043
List the prime factors of 2083219.
2083219
List the prime factors of 518901.
3, 269, 643
What are the prime factors of 135446?
2, 67723
What are the prime factors of 1117211?
383, 2917
What are the prime factors of 411581?
67, 6143
What are the prime factors of 170486?
2, 85243
What are the prime factors of 3686054?
2, 1843027
What are the prime factors of 1658657?
7, 11, 13, 1657
What are the prime factors of 305971?
305971
What are the prime factors of 3194284?
2, 37, 113, 191
List the prime factors of 465263.
71, 6553
What are the prime factors of 491077?
683, 719
List the prime factors of 895567.
101, 8867
What are the prime factors of 487629?
3, 54181
List the prime factors of 2606567.
23, 113329
List the prime factors of 334561.
334561
What are the prime factors of 78103?
83, 941
What are the prime factors of 2783704?
2, 7, 11, 4519
List the prime factors of 1752441.
3, 29, 20143
List the prime factors of 17591074.
2, 19, 31, 109, 137
What are the prime factors of 6112164?
2, 3, 59, 89, 97
List the prime factors of 7433191.
47, 89, 1777
List the prime factors of 2905497.
3, 7, 15373
List the prime factors of 10042192.
2, 627637
List the prime factors of 2975460.
2, 3, 5, 101, 491
What are the prime factors of 198041?
29, 6829
What are the prime factors of 230293?
7, 167, 197
What are the 